{"id":142,"date":"2025-04-02T21:49:41","date_gmt":"2025-04-02T19:49:41","guid":{"rendered":"https:\/\/equila-f72c17.ingress-comporellon.ewp.live\/?page_id=142"},"modified":"2025-07-18T16:29:48","modified_gmt":"2025-07-18T14:29:48","slug":"datenschutzerklaerung","status":"publish","type":"page","link":"https:\/\/equila.horse\/?page_id=142","title":{"rendered":"Datenschutzerkl\u00e4rung"},"content":{"rendered":"\n<h1 class=\"wp-block-heading is-style-asterisk has-medium-font-size\"><strong>Datenschutzerkl\u00e4rung<\/strong><\/h1>\n\n\n\n<p><strong>Verantwortlicher f\u00fcr die Datenverarbeitung ist:<\/strong><br>Laura Stolp<br>Im Klaumen 18<br>74889 Sinsheim<br>Deutschland<br>laura@equila.horse<\/p>\n\n\n\n<p>Wir freuen uns \u00fcber Ihr Interesse an unserer Webseite. Der Schutz Ihrer Privatsph\u00e4re ist f\u00fcr uns sehr wichtig. Nachstehend informieren wir Sie ausf\u00fchrlich \u00fcber den Umgang mit Ihren Daten.<\/p>\n\n\n\n<h2 class=\"wp-block-heading\">1.&nbsp;Zugriffsdaten und Hosting<\/h2>\n\n\n\n<p>Sie k\u00f6nnen unsere Webseiten besuchen, ohne Angaben zu Ihrer Person zu machen. Bei jedem Aufruf einer Webseite speichert der Webserver lediglich automatisch ein sogenanntes Server-Logfile, das z.B. den Namen der angeforderten Datei, Ihre IP-Adresse, Datum und Uhrzeit des Abrufs, \u00fcbertragene Datenmenge und den anfragenden Provider (Zugriffsdaten) enth\u00e4lt und den Abruf dokumentiert. Diese Zugriffsdaten werden ausschlie\u00dflich zum Zwecke der Sicherstellung eines st\u00f6rungsfreien Betriebs der Seite sowie der Verbesserung unseres Angebots ausgewertet. Dies dient der Wahrung unserer im Rahmen einer Interessensabw\u00e4gung \u00fcberwiegenden berechtigten Interessen an einer korrekten Darstellung unseres Angebots gem\u00e4\u00df Art. 6 Abs. 1 S. 1 lit. f DSGVO. Alle Zugriffsdaten werden sp\u00e4testens einen Monat nach Ende Ihres Seitenbesuchs gel\u00f6scht.<\/p>\n\n\n\n<h3 class=\"wp-block-heading\">1.1&nbsp;Hosting<\/h3>\n\n\n\n<p>Die Dienste zum Hosting und zur Darstellung der Webseite werden teilweise durch unsere Dienstleister im Rahmen einer Verarbeitung in unserem Auftrag erbracht. Soweit im Rahmen der vorliegenden Datenschutzerkl\u00e4rung nichts anderes erl\u00e4utert wird, werden alle Zugriffsdaten sowie alle Daten, die in daf\u00fcr vorgesehenen Formularen auf dieser Webseite erhoben werden, auf ihren Servern verarbeitet. Bei Fragen zu unseren Dienstleistern und der Grundlage unserer Zusammenarbeit mit ihnen wenden Sie sich bitte an die in dieser Datenschutzerkl\u00e4rung beschriebenen Kontaktm\u00f6glichkeit.<\/p>\n\n\n\n<h3 class=\"wp-block-heading\">1.2&nbsp;Content Delivery Network<\/h3>\n\n\n\n<p>Zum Zwecke einer k\u00fcrzeren Ladezeit setzen wir bei einigen Angeboten ein sogenanntes Content Delivery Network (\u201eCDN\u201c) ein. Bei diesem Dienst werden Inhalte, z.B. gro\u00dfe Mediendateien, \u00fcber regional verteilte Server externer CDN-Dienstleister ausgeliefert. Daher werden auf den Servern der Dienstleister Zugriffsdaten verarbeitet. Unsere Dienstleister sind im Rahmen einer Auftragsverarbeitung f\u00fcr uns t\u00e4tig. Unsere Dienstleister sitzen und\/oder verwenden Server in L\u00e4ndern au\u00dferhalb der EU und des EWR. F\u00fcr diese L\u00e4nder liegt kein Angemessenheitsbeschluss der Europ\u00e4ischen Kommission vor. Unsere Zusammenarbeit mit ihnen st\u00fctzt sich auf Standarddatenschutzklauseln der Europ\u00e4ischen Kommission. Bei Fragen zu unseren Dienstleistern und der Grundlage unserer Zusammenarbeit mit ihnen wenden Sie sich bitte an die in dieser Datenschutzerkl\u00e4rung beschriebenen Kontaktm\u00f6glichkeit.<\/p>\n\n\n\n<h2 class=\"wp-block-heading\">2.&nbsp;Datenverarbeitung zur Kontaktaufnahme und Kundenkommunikation<\/h2>\n\n\n\n<h3 class=\"wp-block-heading\">&nbsp;Kontaktaufnahme<\/h3>\n\n\n\n<p>Im Rahmen einer Kontaktaufnahme erheben wir zur Bearbeitung Ihrer Anfragen gem\u00e4\u00df Art. 6 Abs. 1 S. 1 lit. b DSGVO personenbezogene Daten, wenn Sie uns diese bei der Kontaktaufnahme mit uns (z.B. per Kontaktformular, Live-Chat-Tool oder E-Mail) freiwillig mitteilen. Pflichtfelder werden als solche gekennzeichnet, da wir in diesen F\u00e4llen die Daten zwingend zur Bearbeitung Ihrer Kontaktaufnahme ben\u00f6tigen. Welche Daten erhoben werden, ist aus den jeweiligen Eingabeformularen ersichtlich. Nach vollst\u00e4ndiger Bearbeitung Ihrer Anfrage werden Ihre Daten gel\u00f6scht, sofern Sie nicht ausdr\u00fccklich in eine weitere Nutzung Ihrer Daten gem\u00e4\u00df Art. 6 Abs. 1 S. 1 lit. a DSGVO eingewilligt haben oder wir uns eine dar\u00fcber hinausgehende Datenverwendung vorbehalten, die gesetzlich erlaubt ist und \u00fcber die wir Sie in dieser Erkl\u00e4rung informieren.<\/p>\n\n\n\n<h2 class=\"wp-block-heading\">3.&nbsp;Cookies und weitere Technologien<\/h2>\n\n\n\n<h3 class=\"wp-block-heading\">&nbsp;Allgemeine Informationen<\/h3>\n\n\n\n<p>Um den Besuch unserer Webseite attraktiv zu gestalten und die Nutzung bestimmter Funktionen zu erm\u00f6glichen, verwenden wir auf verschiedenen Seiten Technologien einschlie\u00dflich sogenannter Cookies. Cookies sind kleine Textdateien, die automatisch auf Ihrem Endger\u00e4t gespeichert werden. Einige der von uns verwendeten Cookies werden nach Ende der Browser-Sitzung, also nach Schlie\u00dfen Ihres Browsers, wieder gel\u00f6scht (sog. Sitzungs-Cookies). Andere Cookies verbleiben auf Ihrem Endger\u00e4t und erm\u00f6glichen uns, Ihren Browser beim n\u00e4chsten Besuch wiederzuerkennen (persistente Cookies).<\/p>\n\n\n\n<p><strong>Schutz der Privatsph\u00e4re bei Endger\u00e4ten<\/strong><br>Bei Nutzung unseres Online-Angebots setzen wir unbedingt notwendige <br>Technologien ein, um den ausdr\u00fccklich gew\u00fcnschten Telemediendienst zur <br>Verf\u00fcgung stellen zu k\u00f6nnen. Die Speicherung von Informationen in Ihrem <br>Endger\u00e4t oder der Zugriff auf Informationen, die bereits in Ihrem <br>Endger\u00e4t gespeichert sind, bed\u00fcrfen insoweit keiner Einwilligung.<\/p>\n\n\n\n<p><strong>Etwaig nachgelagerte Datenverarbeitung durch Cookies und weitere Technologien<\/strong><br>Wir verwenden solche Technologien, die f\u00fcr die Nutzung bestimmter Funktionen unserer Webseite (z. B. Pr\u00e4ferenzeinstellungen der Webseite) zwingend erforderlich sind. Durch diese Technologien werden IP-Adresse, Zeitpunkt des Besuchs, Ger\u00e4te- und Browser-Informationen sowie Informationen zu Ihrer Nutzung unserer Webseite (z.B. Informationen zu Ihren Pr\u00e4ferenzen) erhoben und verarbeitet. Dies dient im Rahmen einer Interessensabw\u00e4gung \u00fcberwiegenden berechtigten Interessen an einer optimierten Darstellung unseres Angebots gem\u00e4\u00df Art. 6 Abs. 1 S. 1 lit. f DSGVO.<\/p>\n\n\n\n<p><strong>Cookie-Einstellungen<\/strong><\/p>\n\n\n\n<p>Die Cookie-Einstellungen f\u00fcr Ihren Browser finden Sie unter den folgenden Links:&nbsp;<a href=\"https:\/\/support.microsoft.com\/de-de\/help\/4027947\/microsoft-edge-delete-cookies\" target=\"_blank\" rel=\"noreferrer noopener\">Microsoft Edge\u2122<\/a>&nbsp;\/&nbsp;<a href=\"https:\/\/support.apple.com\/de-de\/guide\/safari\/sfri11471\/12.0\/mac\/10.14\" target=\"_blank\" rel=\"noreferrer noopener\">Safari\u2122<\/a>&nbsp;\/&nbsp;<a href=\"https:\/\/support.google.com\/chrome\/answer\/95647?hl=de&amp;hlrm=en\" target=\"_blank\" rel=\"noreferrer noopener\">Chrome\u2122<\/a>&nbsp;\/&nbsp;<a href=\"https:\/\/support.mozilla.org\/de\/kb\/cookies-informationen-websites-auf-ihrem-computer\" target=\"_blank\" rel=\"noreferrer noopener\">Firefox\u2122<\/a>&nbsp;\/&nbsp;<a href=\"https:\/\/help.opera.com\/de\/latest\/web-preferences\/#cookies\" target=\"_blank\" rel=\"noreferrer noopener\">Opera\u2122<\/a><\/p>\n\n\n\n<h2 class=\"wp-block-heading\">4.&nbsp;Social Media<\/h2>\n\n\n\n<h3 class=\"wp-block-heading\">&nbsp;Unsere Onlinepr\u00e4senz auf Instagram (by Meta)<\/h3>\n\n\n\n<p>Soweit Sie hierzu Ihre Einwilligung nach Art. 6 Abs. 1 S. 1 lit. a DSGVO gegen\u00fcber dem jeweiligen Social Media Betreiber erteilt haben, werden bei Besuch unserer Onlinepr\u00e4senzen auf den in der oben genannten sozialen Medien Ihre Daten f\u00fcr Marktforschungs- und Werbezwecke automatisch erhoben und gespeichert, aus denen unter Verwendung von Pseudonymen Nutzungsprofile erstellt werden. Diese k\u00f6nnen verwendet werden, um z.B. Werbeanzeigen innerhalb und au\u00dferhalb der Plattformen zu schalten, die mutma\u00dflich Ihren Interessen entsprechen. Hierzu werden im Regelfall Cookies eingesetzt. Die detaillierten Informationen zur Verarbeitung und Nutzung der Daten durch den jeweiligen Social Media Betreiber sowie eine Kontaktm\u00f6glichkeit und Ihre diesbez\u00fcglichen Rechte und Einstellungsm\u00f6glichkeiten zum Schutz Ihrer Privatsph\u00e4re, entnehmen Sie bitte den unten verlinkten Datenschutzhinweisen der Anbieter. Sollten Sie diesbez\u00fcglich dennoch Hilfe ben\u00f6tigen, k\u00f6nnen Sie sich an uns wenden.<\/p>\n\n\n\n<p><a href=\"http:\/\/help.instagram.com\/519522125107875\" target=\"_blank\" rel=\"noreferrer noopener\"><strong>Instagram<\/strong>&nbsp;(by Meta)<\/a>&nbsp;ist ein Angebot der Meta Platforms Ireland Ltd., Block J, Serpentine Avenue, Dublin 4, Irland (\u201eMeta Platforms Ireland\u201c) Die durch Meta Platforms Ireland automatisch erhobenen Informationen \u00fcber Ihre Nutzung unserer Online-Pr\u00e4senz auf Instagram werden in der Regel an einen Server der Meta Platforms, Inc., 1601 Willow Road, Menlo Park, CA 94025, USA, Menlo Park, California 94025, USA \u00fcbertragen und dort gespeichert. Die Datenverarbeitung im Rahmen des Besuchs einer Instagram (by Meta) Fanpage erfolgt auf Grundlage einer Vereinbarung zwischen gemeinsam Verantwortlichen gem\u00e4\u00df Art. 26 DSGVO. Weitere Informationen (Informationen zu Insights-Daten) finden Sie&nbsp;<a href=\"https:\/\/www.facebook.com\/legal\/terms\/information_about_page_insights_data\" target=\"_blank\" rel=\"noreferrer noopener\">hier<\/a>.<\/p>\n\n\n\n<p>Unsere Dienstleister sitzen und\/oder verwenden Server in folgenden L\u00e4ndern, f\u00fcr die die Europ\u00e4ische Kommission durch Beschluss ein angemessenes Datenschutzniveau festgestellt hat: USA, Kanada, Japan, S\u00fcdkorea, Neuseeland, Vereinigtes K\u00f6nigreich, Argentinien.<\/p>\n\n\n\n<p>Der Angemessenheitsbeschluss f\u00fcr die USA gilt als Grundlage f\u00fcr die Drittlands\u00fcbermittlung, soweit der jeweilige Dienstleister zertifiziert ist. Eine Zertifizierung liegt vor.<\/p>\n\n\n\n<p>Unsere Dienstleister sitzen und\/oder verwenden Server in diesen L\u00e4ndern: Australien, Hongkong, Indien, Indonesien, Malaysia, Singapur, Thailand, Taiwan, Brasilien, Mexiko.<br>F\u00fcr diese L\u00e4nder liegt kein Angemessenheitsbeschluss der Europ\u00e4ischen Kommission vor. Unsere Zusammenarbeit mit Ihnen st\u00fctzt sich auf diese Garantien: Standarddatenschutzklauseln der Europ\u00e4ischen Kommission.<\/p>\n\n\n\n<h2 class=\"wp-block-heading\">5.&nbsp;Kontaktm\u00f6glichkeiten und Ihre Rechte<\/h2>\n\n\n\n<h3 class=\"wp-block-heading\">5.1&nbsp;Ihre Rechte<\/h3>\n\n\n\n<p>Als Betroffener haben Sie folgende Rechte:<\/p>\n\n\n\n<ul class=\"wp-block-list\">\n<li>gem\u00e4\u00df Art. 15 DSGVO das Recht, in dem dort bezeichneten Umfang Auskunft \u00fcber Ihre von uns verarbeiteten personenbezogenen Daten zu verlangen;<\/li>\n\n\n\n<li>gem\u00e4\u00df Art. 16 DSGVO das Recht, unverz\u00fcglich die Berichtigung unrichtiger oder Vervollst\u00e4ndigung Ihrer bei uns gespeicherten personenbezogenen Daten zu verlangen;<\/li>\n\n\n\n<li>gem\u00e4\u00df Art. 17 DSGVO das Recht, die L\u00f6schung Ihrer bei uns gespeicherten personenbezogenen Daten zu verlangen, soweit nicht die weitere Verarbeitung\n<ul class=\"wp-block-list\">\n<li>zur Aus\u00fcbung des Rechts auf freie Meinungs\u00e4u\u00dferung und Information;<\/li>\n\n\n\n<li>zur Erf\u00fcllung einer rechtlichen Verpflichtung;<\/li>\n\n\n\n<li>aus Gr\u00fcnden des \u00f6ffentlichen Interesses oder<\/li>\n\n\n\n<li>zur Geltendmachung, Aus\u00fcbung oder Verteidigung von Rechtsanspr\u00fcchen erforderlich ist;<\/li>\n<\/ul>\n<\/li>\n\n\n\n<li>gem\u00e4\u00df Art. 18 DSGVO das Recht, die Einschr\u00e4nkung der Verarbeitung Ihrer personenbezogenen Daten zu verlangen, soweit\n<ul class=\"wp-block-list\">\n<li>die Richtigkeit der Daten von Ihnen bestritten wird;<\/li>\n\n\n\n<li>die Verarbeitung unrechtm\u00e4\u00dfig ist, Sie aber deren L\u00f6schung ablehnen;<\/li>\n\n\n\n<li>wir die Daten nicht mehr ben\u00f6tigen, Sie diese jedoch zur Geltendmachung, Aus\u00fcbung oder Verteidigung von Rechtsanspr\u00fcchen ben\u00f6tigen oder<\/li>\n\n\n\n<li>Sie gem\u00e4\u00df Art. 21 DSGVO Widerspruch gegen die Verarbeitung eingelegt haben;<\/li>\n<\/ul>\n<\/li>\n\n\n\n<li>gem\u00e4\u00df Art. 20 DSGVO das Recht, Ihre personenbezogenen Daten, die Sie uns bereitgestellt haben, in einem strukturierten, g\u00e4ngigen und maschinenlesbaren Format zu erhalten oder die \u00dcbermittlung an einen anderen Verantwortlichen zu verlangen;<\/li>\n\n\n\n<li>gem\u00e4\u00df Art. 77 DSGVO das Recht, sich bei einer Aufsichtsbeh\u00f6rde zu beschweren. In der Regel k\u00f6nnen Sie sich hierf\u00fcr an die Aufsichtsbeh\u00f6rde Ihres \u00fcblichen Aufenthaltsortes oder Arbeitsplatzes oder unseres Unternehmenssitzes wenden.<\/li>\n<\/ul>\n\n\n\n<figure class=\"wp-block-table\"><table class=\"has-fixed-layout\"><tbody><tr><td><strong>Widerspruchsrecht<\/strong> Soweit wir zur Wahrung unserer im Rahmen einer Interessensabw\u00e4gung \u00fcberwiegenden berechtigten Interessen personenbezogene Daten wie oben erl\u00e4utert verarbeiten, k\u00f6nnen Sie dieser Verarbeitung mit Wirkung f\u00fcr die Zukunft widersprechen. Erfolgt die Verarbeitung zu Zwecken des Direktmarketings, k\u00f6nnen Sie dieses Recht jederzeit wie oben beschrieben aus\u00fcben. Soweit die Verarbeitung zu anderen Zwecken erfolgt, steht Ihnen ein Widerspruchsrecht nur bei Vorliegen von Gr\u00fcnden, die sich aus Ihrer besonderen Situation ergeben, zu.Nach Aus\u00fcbung Ihres Widerspruchsrechts werden wir Ihre personenbezogenen Daten nicht weiter zu diesen Zwecken verarbeiten, es sei denn, wir k\u00f6nnen zwingende schutzw\u00fcrdige Gr\u00fcnde f\u00fcr die Verarbeitung nachweisen, die Ihre Interessen, Rechte und Freiheiten \u00fcberwiegen, oder wenn die Verarbeitung der Geltendmachung, Aus\u00fcbung oder Verteidigung von Rechtsanspr\u00fcchen dient.Dies gilt nicht, wenn die Verarbeitung zu Zwecken des Direktmarketings erfolgt. Dann werden wir Ihre personenbezogenen Daten nicht weiter zu diesem Zweck verarbeiten.<\/td><\/tr><\/tbody><\/table><\/figure>\n\n\n\n<h3 class=\"wp-block-heading\">5.2&nbsp;Kontaktm\u00f6glichkeiten<\/h3>\n\n\n\n<p>Bei Fragen zur Erhebung, Verarbeitung oder Nutzung Ihrer personenbezogenen Daten, bei Ausk\u00fcnften, Berichtigung, Einschr\u00e4nkung oder L\u00f6schung von Daten sowie Widerruf erteilter Einwilligungen oder Widerspruch gegen eine bestimmte Datenverwendung wenden Sie sich bitte direkt an uns \u00fcber die Kontaktdaten in unserem Impressum.<\/p>\n","protected":false},"excerpt":{"rendered":"<p>Datenschutzerkl\u00e4rung Verantwortlicher f\u00fcr die Datenverarbeitung ist:Laura StolpIm Klaumen 1874889 SinsheimDeutschlandlaura@equila.horse Wir freuen uns \u00fcber Ihr Interesse an unserer Webseite. Der Schutz Ihrer Privatsph\u00e4re ist f\u00fcr uns sehr wichtig. Nachstehend informieren wir Sie ausf\u00fchrlich \u00fcber den Umgang mit Ihren Daten. 1.&nbsp;Zugriffsdaten und Hosting Sie k\u00f6nnen unsere Webseiten besuchen, ohne Angaben zu Ihrer Person zu machen. Bei [&hellip;]<\/p>\n","protected":false},"author":1,"featured_media":42,"parent":0,"menu_order":0,"comment_status":"closed","ping_status":"closed","template":"page-wide","meta":{"footnotes":""},"class_list":["post-142","page","type-page","status-publish","has-post-thumbnail","hentry"],"yoast_head":"<!-- This site is optimized with the Yoast SEO plugin v27.2 - https:\/\/yoast.com\/product\/yoast-seo-wordpress\/ -->\n<title>Datenschutzerkl\u00e4rung - Equila.horse<\/title>\n<meta name=\"robots\" content=\"index, follow, max-snippet:-1, max-image-preview:large, max-video-preview:-1\" \/>\n<link rel=\"canonical\" href=\"https:\/\/equila.horse\/?page_id=142\" \/>\n<meta property=\"og:locale\" content=\"de_DE\" \/>\n<meta property=\"og:type\" content=\"article\" \/>\n<meta property=\"og:title\" content=\"Datenschutzerkl\u00e4rung - Equila.horse\" \/>\n<meta property=\"og:description\" content=\"Datenschutzerkl\u00e4rung Verantwortlicher f\u00fcr die Datenverarbeitung ist:Laura StolpIm Klaumen 1874889 SinsheimDeutschlandlaura@equila.horse Wir freuen uns \u00fcber Ihr Interesse an unserer Webseite. Der Schutz Ihrer Privatsph\u00e4re ist f\u00fcr uns sehr wichtig. Nachstehend informieren wir Sie ausf\u00fchrlich \u00fcber den Umgang mit Ihren Daten. 1.&nbsp;Zugriffsdaten und Hosting Sie k\u00f6nnen unsere Webseiten besuchen, ohne Angaben zu Ihrer Person zu machen. Bei [&hellip;]\" \/>\n<meta property=\"og:url\" content=\"https:\/\/equila.horse\/?page_id=142\" \/>\n<meta property=\"og:site_name\" content=\"Equila.horse\" \/>\n<meta property=\"article:modified_time\" content=\"2025-07-18T14:29:48+00:00\" \/>\n<meta property=\"og:image\" content=\"https:\/\/equila.horse\/wp-content\/uploads\/2024\/08\/IMG-20240121-WA0000.jpg\" \/>\n\t<meta property=\"og:image:width\" content=\"1516\" \/>\n\t<meta property=\"og:image:height\" content=\"1011\" \/>\n\t<meta property=\"og:image:type\" content=\"image\/jpeg\" \/>\n<meta name=\"twitter:card\" content=\"summary_large_image\" \/>\n<meta name=\"twitter:label1\" content=\"Gesch\u00e4tzte Lesezeit\" \/>\n\t<meta name=\"twitter:data1\" content=\"9\u00a0Minuten\" \/>\n<script type=\"application\/ld+json\" class=\"yoast-schema-graph\">{\"@context\":\"https:\/\/schema.org\",\"@graph\":[{\"@type\":\"WebPage\",\"@id\":\"https:\/\/equila.horse\/?page_id=142\",\"url\":\"https:\/\/equila.horse\/?page_id=142\",\"name\":\"Datenschutzerkl\u00e4rung - Equila.horse\",\"isPartOf\":{\"@id\":\"https:\/\/equila.horse\/#website\"},\"primaryImageOfPage\":{\"@id\":\"https:\/\/equila.horse\/?page_id=142#primaryimage\"},\"image\":{\"@id\":\"https:\/\/equila.horse\/?page_id=142#primaryimage\"},\"thumbnailUrl\":\"https:\/\/equila.horse\/wp-content\/uploads\/2024\/08\/IMG-20240121-WA0000.jpg\",\"datePublished\":\"2025-04-02T19:49:41+00:00\",\"dateModified\":\"2025-07-18T14:29:48+00:00\",\"breadcrumb\":{\"@id\":\"https:\/\/equila.horse\/?page_id=142#breadcrumb\"},\"inLanguage\":\"de\",\"potentialAction\":[{\"@type\":\"ReadAction\",\"target\":[\"https:\/\/equila.horse\/?page_id=142\"]}]},{\"@type\":\"ImageObject\",\"inLanguage\":\"de\",\"@id\":\"https:\/\/equila.horse\/?page_id=142#primaryimage\",\"url\":\"https:\/\/equila.horse\/wp-content\/uploads\/2024\/08\/IMG-20240121-WA0000.jpg\",\"contentUrl\":\"https:\/\/equila.horse\/wp-content\/uploads\/2024\/08\/IMG-20240121-WA0000.jpg\",\"width\":1516,\"height\":1011},{\"@type\":\"BreadcrumbList\",\"@id\":\"https:\/\/equila.horse\/?page_id=142#breadcrumb\",\"itemListElement\":[{\"@type\":\"ListItem\",\"position\":1,\"name\":\"Home\",\"item\":\"https:\/\/equila.horse\/\"},{\"@type\":\"ListItem\",\"position\":2,\"name\":\"Datenschutzerkl\u00e4rung\"}]},{\"@type\":\"WebSite\",\"@id\":\"https:\/\/equila.horse\/#website\",\"url\":\"https:\/\/equila.horse\/\",\"name\":\"Equila Horse\",\"description\":\"Equila Pferdetraining by Laura Stolp\",\"publisher\":{\"@id\":\"https:\/\/equila.horse\/#organization\"},\"potentialAction\":[{\"@type\":\"SearchAction\",\"target\":{\"@type\":\"EntryPoint\",\"urlTemplate\":\"https:\/\/equila.horse\/?s={search_term_string}\"},\"query-input\":{\"@type\":\"PropertyValueSpecification\",\"valueRequired\":true,\"valueName\":\"search_term_string\"}}],\"inLanguage\":\"de\"},{\"@type\":\"Organization\",\"@id\":\"https:\/\/equila.horse\/#organization\",\"name\":\"Laura Stolp Pferdetraining\",\"url\":\"https:\/\/equila.horse\/\",\"logo\":{\"@type\":\"ImageObject\",\"inLanguage\":\"de\",\"@id\":\"https:\/\/equila.horse\/#\/schema\/logo\/image\/\",\"url\":\"https:\/\/equila.horse\/wp-content\/uploads\/2024\/08\/Element-16.png\",\"contentUrl\":\"https:\/\/equila.horse\/wp-content\/uploads\/2024\/08\/Element-16.png\",\"width\":886,\"height\":313,\"caption\":\"Laura Stolp Pferdetraining\"},\"image\":{\"@id\":\"https:\/\/equila.horse\/#\/schema\/logo\/image\/\"}}]}<\/script>\n<!-- \/ Yoast SEO plugin. -->","yoast_head_json":{"title":"Datenschutzerkl\u00e4rung - Equila.horse","robots":{"index":"index","follow":"follow","max-snippet":"max-snippet:-1","max-image-preview":"max-image-preview:large","max-video-preview":"max-video-preview:-1"},"canonical":"https:\/\/equila.horse\/?page_id=142","og_locale":"de_DE","og_type":"article","og_title":"Datenschutzerkl\u00e4rung - Equila.horse","og_description":"Datenschutzerkl\u00e4rung Verantwortlicher f\u00fcr die Datenverarbeitung ist:Laura StolpIm Klaumen 1874889 SinsheimDeutschlandlaura@equila.horse Wir freuen uns \u00fcber Ihr Interesse an unserer Webseite. Der Schutz Ihrer Privatsph\u00e4re ist f\u00fcr uns sehr wichtig. Nachstehend informieren wir Sie ausf\u00fchrlich \u00fcber den Umgang mit Ihren Daten. 1.&nbsp;Zugriffsdaten und Hosting Sie k\u00f6nnen unsere Webseiten besuchen, ohne Angaben zu Ihrer Person zu machen. Bei [&hellip;]","og_url":"https:\/\/equila.horse\/?page_id=142","og_site_name":"Equila.horse","article_modified_time":"2025-07-18T14:29:48+00:00","og_image":[{"width":1516,"height":1011,"url":"https:\/\/equila.horse\/wp-content\/uploads\/2024\/08\/IMG-20240121-WA0000.jpg","type":"image\/jpeg"}],"twitter_card":"summary_large_image","twitter_misc":{"Gesch\u00e4tzte Lesezeit":"9\u00a0Minuten"},"schema":{"@context":"https:\/\/schema.org","@graph":[{"@type":"WebPage","@id":"https:\/\/equila.horse\/?page_id=142","url":"https:\/\/equila.horse\/?page_id=142","name":"Datenschutzerkl\u00e4rung - Equila.horse","isPartOf":{"@id":"https:\/\/equila.horse\/#website"},"primaryImageOfPage":{"@id":"https:\/\/equila.horse\/?page_id=142#primaryimage"},"image":{"@id":"https:\/\/equila.horse\/?page_id=142#primaryimage"},"thumbnailUrl":"https:\/\/equila.horse\/wp-content\/uploads\/2024\/08\/IMG-20240121-WA0000.jpg","datePublished":"2025-04-02T19:49:41+00:00","dateModified":"2025-07-18T14:29:48+00:00","breadcrumb":{"@id":"https:\/\/equila.horse\/?page_id=142#breadcrumb"},"inLanguage":"de","potentialAction":[{"@type":"ReadAction","target":["https:\/\/equila.horse\/?page_id=142"]}]},{"@type":"ImageObject","inLanguage":"de","@id":"https:\/\/equila.horse\/?page_id=142#primaryimage","url":"https:\/\/equila.horse\/wp-content\/uploads\/2024\/08\/IMG-20240121-WA0000.jpg","contentUrl":"https:\/\/equila.horse\/wp-content\/uploads\/2024\/08\/IMG-20240121-WA0000.jpg","width":1516,"height":1011},{"@type":"BreadcrumbList","@id":"https:\/\/equila.horse\/?page_id=142#breadcrumb","itemListElement":[{"@type":"ListItem","position":1,"name":"Home","item":"https:\/\/equila.horse\/"},{"@type":"ListItem","position":2,"name":"Datenschutzerkl\u00e4rung"}]},{"@type":"WebSite","@id":"https:\/\/equila.horse\/#website","url":"https:\/\/equila.horse\/","name":"Equila Horse","description":"Equila Pferdetraining by Laura Stolp","publisher":{"@id":"https:\/\/equila.horse\/#organization"},"potentialAction":[{"@type":"SearchAction","target":{"@type":"EntryPoint","urlTemplate":"https:\/\/equila.horse\/?s={search_term_string}"},"query-input":{"@type":"PropertyValueSpecification","valueRequired":true,"valueName":"search_term_string"}}],"inLanguage":"de"},{"@type":"Organization","@id":"https:\/\/equila.horse\/#organization","name":"Laura Stolp Pferdetraining","url":"https:\/\/equila.horse\/","logo":{"@type":"ImageObject","inLanguage":"de","@id":"https:\/\/equila.horse\/#\/schema\/logo\/image\/","url":"https:\/\/equila.horse\/wp-content\/uploads\/2024\/08\/Element-16.png","contentUrl":"https:\/\/equila.horse\/wp-content\/uploads\/2024\/08\/Element-16.png","width":886,"height":313,"caption":"Laura Stolp Pferdetraining"},"image":{"@id":"https:\/\/equila.horse\/#\/schema\/logo\/image\/"}}]}},"_links":{"self":[{"href":"https:\/\/equila.horse\/index.php?rest_route=\/wp\/v2\/pages\/142","targetHints":{"allow":["GET"]}}],"collection":[{"href":"https:\/\/equila.horse\/index.php?rest_route=\/wp\/v2\/pages"}],"about":[{"href":"https:\/\/equila.horse\/index.php?rest_route=\/wp\/v2\/types\/page"}],"author":[{"embeddable":true,"href":"https:\/\/equila.horse\/index.php?rest_route=\/wp\/v2\/users\/1"}],"replies":[{"embeddable":true,"href":"https:\/\/equila.horse\/index.php?rest_route=%2Fwp%2Fv2%2Fcomments&post=142"}],"version-history":[{"count":4,"href":"https:\/\/equila.horse\/index.php?rest_route=\/wp\/v2\/pages\/142\/revisions"}],"predecessor-version":[{"id":155,"href":"https:\/\/equila.horse\/index.php?rest_route=\/wp\/v2\/pages\/142\/revisions\/155"}],"wp:featuredmedia":[{"embeddable":true,"href":"https:\/\/equila.horse\/index.php?rest_route=\/wp\/v2\/media\/42"}],"wp:attachment":[{"href":"https:\/\/equila.horse\/index.php?rest_route=%2Fwp%2Fv2%2Fmedia&parent=142"}],"curies":[{"name":"wp","href":"https:\/\/api.w.org\/{rel}","templated":true}]}}