{"id":81,"date":"2025-03-12T12:58:54","date_gmt":"2025-03-12T10:58:54","guid":{"rendered":"https:\/\/equila-f72c17.ingress-comporellon.ewp.live\/?page_id=81"},"modified":"2025-07-18T16:26:11","modified_gmt":"2025-07-18T14:26:11","slug":"impressum-von-equila-horse-by-laura-stolp","status":"publish","type":"page","link":"https:\/\/equila.horse\/?page_id=81","title":{"rendered":"Impressum"},"content":{"rendered":"\n<h1 class=\"wp-block-heading is-style-asterisk has-medium-font-size\">Impressum<\/h1>\n\n\n\n<pre class=\"wp-block-preformatted has-body-font-family\">Laura Stolp Pferdetraining<\/pre>\n\n\n\n<p>Laura Stolp<br>Im Klaumen 18<br>74889 Hoffenheim<br>Deutschland<br><br>Telefon: +49 173 3449316<br><br>Mail: laura@equila.horse<br><br>Kleinunternehmer gem\u00e4\u00df \u00a7 19 UStG<br><br>Verantwortlich gem\u00e4\u00df \u00a7 18 MStV:<br>Laura Stolp<br>Im Klaumen 18<br>74889 Sinsheim<br><p>Zur Teilnahme an einem Streitbeilegungsverfahren vor einer <br>Verbraucherschlichtungsstelle sind wir nicht verpflichtet und nicht <br>bereit. <br>Zust\u00e4ndige Beh\u00f6rde f\u00fcr audiovisuelle Mediendienste:  Landesanstalt f\u00fcr Kommunikation Baden-W\u00fcrttemberg (LFK) Reinsburgstra\u00dfe 27 70178 Stuttgart Deutschland<\/p><br><\/p>\n","protected":false},"excerpt":{"rendered":"<p>Impressum Laura Stolp Pferdetraining Laura StolpIm Klaumen 1874889 HoffenheimDeutschland Telefon: +49 173 3449316 Mail: laura@equila.horse Kleinunternehmer gem\u00e4\u00df \u00a7 19 UStG Verantwortlich gem\u00e4\u00df \u00a7 18 MStV:Laura StolpIm Klaumen 1874889 Sinsheim Zur Teilnahme an einem Streitbeilegungsverfahren vor einer Verbraucherschlichtungsstelle sind wir nicht verpflichtet und nicht bereit. Zust\u00e4ndige Beh\u00f6rde f\u00fcr audiovisuelle Mediendienste: Landesanstalt f\u00fcr Kommunikation Baden-W\u00fcrttemberg (LFK) Reinsburgstra\u00dfe [&hellip;]<\/p>\n","protected":false},"author":1,"featured_media":0,"parent":0,"menu_order":0,"comment_status":"closed","ping_status":"closed","template":"","meta":{"footnotes":""},"class_list":["post-81","page","type-page","status-publish","hentry"],"yoast_head":"<!-- This site is optimized with the Yoast SEO plugin v27.2 - https:\/\/yoast.com\/product\/yoast-seo-wordpress\/ -->\n<title>Impressum - Equila.horse<\/title>\n<meta name=\"description\" content=\"Impressum von Equila.horse by Laura Stolp\" \/>\n<meta name=\"robots\" content=\"index, follow, max-snippet:-1, max-image-preview:large, max-video-preview:-1\" \/>\n<link rel=\"canonical\" href=\"https:\/\/equila.horse\/?page_id=81\" \/>\n<meta property=\"og:locale\" content=\"de_DE\" \/>\n<meta property=\"og:type\" content=\"article\" \/>\n<meta property=\"og:title\" content=\"Impressum - Equila.horse\" \/>\n<meta property=\"og:description\" content=\"Impressum von Equila.horse by Laura Stolp\" \/>\n<meta property=\"og:url\" content=\"https:\/\/equila.horse\/?page_id=81\" \/>\n<meta property=\"og:site_name\" content=\"Equila.horse\" \/>\n<meta property=\"article:modified_time\" content=\"2025-07-18T14:26:11+00:00\" \/>\n<meta name=\"twitter:card\" content=\"summary_large_image\" \/>\n<meta name=\"twitter:label1\" content=\"Gesch\u00e4tzte Lesezeit\" \/>\n\t<meta name=\"twitter:data1\" content=\"1\u00a0Minute\" \/>\n<script type=\"application\/ld+json\" class=\"yoast-schema-graph\">{\"@context\":\"https:\/\/schema.org\",\"@graph\":[{\"@type\":\"WebPage\",\"@id\":\"https:\/\/equila.horse\/?page_id=81\",\"url\":\"https:\/\/equila.horse\/?page_id=81\",\"name\":\"Impressum - Equila.horse\",\"isPartOf\":{\"@id\":\"https:\/\/equila.horse\/#website\"},\"datePublished\":\"2025-03-12T10:58:54+00:00\",\"dateModified\":\"2025-07-18T14:26:11+00:00\",\"description\":\"Impressum von Equila.horse by Laura Stolp\",\"breadcrumb\":{\"@id\":\"https:\/\/equila.horse\/?page_id=81#breadcrumb\"},\"inLanguage\":\"de\",\"potentialAction\":[{\"@type\":\"ReadAction\",\"target\":[\"https:\/\/equila.horse\/?page_id=81\"]}]},{\"@type\":\"BreadcrumbList\",\"@id\":\"https:\/\/equila.horse\/?page_id=81#breadcrumb\",\"itemListElement\":[{\"@type\":\"ListItem\",\"position\":1,\"name\":\"Home\",\"item\":\"https:\/\/equila.horse\/\"},{\"@type\":\"ListItem\",\"position\":2,\"name\":\"Impressum\"}]},{\"@type\":\"WebSite\",\"@id\":\"https:\/\/equila.horse\/#website\",\"url\":\"https:\/\/equila.horse\/\",\"name\":\"Equila Horse\",\"description\":\"Equila Pferdetraining by Laura Stolp\",\"publisher\":{\"@id\":\"https:\/\/equila.horse\/#organization\"},\"potentialAction\":[{\"@type\":\"SearchAction\",\"target\":{\"@type\":\"EntryPoint\",\"urlTemplate\":\"https:\/\/equila.horse\/?s={search_term_string}\"},\"query-input\":{\"@type\":\"PropertyValueSpecification\",\"valueRequired\":true,\"valueName\":\"search_term_string\"}}],\"inLanguage\":\"de\"},{\"@type\":\"Organization\",\"@id\":\"https:\/\/equila.horse\/#organization\",\"name\":\"Laura Stolp Pferdetraining\",\"url\":\"https:\/\/equila.horse\/\",\"logo\":{\"@type\":\"ImageObject\",\"inLanguage\":\"de\",\"@id\":\"https:\/\/equila.horse\/#\/schema\/logo\/image\/\",\"url\":\"https:\/\/equila.horse\/wp-content\/uploads\/2024\/08\/Element-16.png\",\"contentUrl\":\"https:\/\/equila.horse\/wp-content\/uploads\/2024\/08\/Element-16.png\",\"width\":886,\"height\":313,\"caption\":\"Laura Stolp Pferdetraining\"},\"image\":{\"@id\":\"https:\/\/equila.horse\/#\/schema\/logo\/image\/\"}}]}<\/script>\n<!-- \/ Yoast SEO plugin. -->","yoast_head_json":{"title":"Impressum - Equila.horse","description":"Impressum von Equila.horse by Laura Stolp","robots":{"index":"index","follow":"follow","max-snippet":"max-snippet:-1","max-image-preview":"max-image-preview:large","max-video-preview":"max-video-preview:-1"},"canonical":"https:\/\/equila.horse\/?page_id=81","og_locale":"de_DE","og_type":"article","og_title":"Impressum - Equila.horse","og_description":"Impressum von Equila.horse by Laura Stolp","og_url":"https:\/\/equila.horse\/?page_id=81","og_site_name":"Equila.horse","article_modified_time":"2025-07-18T14:26:11+00:00","twitter_card":"summary_large_image","twitter_misc":{"Gesch\u00e4tzte Lesezeit":"1\u00a0Minute"},"schema":{"@context":"https:\/\/schema.org","@graph":[{"@type":"WebPage","@id":"https:\/\/equila.horse\/?page_id=81","url":"https:\/\/equila.horse\/?page_id=81","name":"Impressum - Equila.horse","isPartOf":{"@id":"https:\/\/equila.horse\/#website"},"datePublished":"2025-03-12T10:58:54+00:00","dateModified":"2025-07-18T14:26:11+00:00","description":"Impressum von Equila.horse by Laura Stolp","breadcrumb":{"@id":"https:\/\/equila.horse\/?page_id=81#breadcrumb"},"inLanguage":"de","potentialAction":[{"@type":"ReadAction","target":["https:\/\/equila.horse\/?page_id=81"]}]},{"@type":"BreadcrumbList","@id":"https:\/\/equila.horse\/?page_id=81#breadcrumb","itemListElement":[{"@type":"ListItem","position":1,"name":"Home","item":"https:\/\/equila.horse\/"},{"@type":"ListItem","position":2,"name":"Impressum"}]},{"@type":"WebSite","@id":"https:\/\/equila.horse\/#website","url":"https:\/\/equila.horse\/","name":"Equila Horse","description":"Equila Pferdetraining by Laura Stolp","publisher":{"@id":"https:\/\/equila.horse\/#organization"},"potentialAction":[{"@type":"SearchAction","target":{"@type":"EntryPoint","urlTemplate":"https:\/\/equila.horse\/?s={search_term_string}"},"query-input":{"@type":"PropertyValueSpecification","valueRequired":true,"valueName":"search_term_string"}}],"inLanguage":"de"},{"@type":"Organization","@id":"https:\/\/equila.horse\/#organization","name":"Laura Stolp Pferdetraining","url":"https:\/\/equila.horse\/","logo":{"@type":"ImageObject","inLanguage":"de","@id":"https:\/\/equila.horse\/#\/schema\/logo\/image\/","url":"https:\/\/equila.horse\/wp-content\/uploads\/2024\/08\/Element-16.png","contentUrl":"https:\/\/equila.horse\/wp-content\/uploads\/2024\/08\/Element-16.png","width":886,"height":313,"caption":"Laura Stolp Pferdetraining"},"image":{"@id":"https:\/\/equila.horse\/#\/schema\/logo\/image\/"}}]}},"_links":{"self":[{"href":"https:\/\/equila.horse\/index.php?rest_route=\/wp\/v2\/pages\/81","targetHints":{"allow":["GET"]}}],"collection":[{"href":"https:\/\/equila.horse\/index.php?rest_route=\/wp\/v2\/pages"}],"about":[{"href":"https:\/\/equila.horse\/index.php?rest_route=\/wp\/v2\/types\/page"}],"author":[{"embeddable":true,"href":"https:\/\/equila.horse\/index.php?rest_route=\/wp\/v2\/users\/1"}],"replies":[{"embeddable":true,"href":"https:\/\/equila.horse\/index.php?rest_route=%2Fwp%2Fv2%2Fcomments&post=81"}],"version-history":[{"count":4,"href":"https:\/\/equila.horse\/index.php?rest_route=\/wp\/v2\/pages\/81\/revisions"}],"predecessor-version":[{"id":153,"href":"https:\/\/equila.horse\/index.php?rest_route=\/wp\/v2\/pages\/81\/revisions\/153"}],"wp:attachment":[{"href":"https:\/\/equila.horse\/index.php?rest_route=%2Fwp%2Fv2%2Fmedia&parent=81"}],"curies":[{"name":"wp","href":"https:\/\/api.w.org\/{rel}","templated":true}]}}